 -5*i, 0 = 4*d - i - 200. Calculate the remainder when 60 is divided by d.
9
Suppose 5*n - 10460 - 89539 = -3*q, 4*n - q - 80006 = 0. Calculate the remainder when n is divided by 274.
273
Let p = 4204 - 3969. Calculate the remainder when 486 is divided by p.
16
Let v be ((-2)/3)/((-88)/84 - -1). Suppose 10*g - v*g = -8. Calculate the remainder when 114 is divided by g - -21*(-2 + 3).
22
Let i = -33199 - -33278. Let k be (-34)/(-12) + 4/24. Suppose 0*c + k*c = 24. Calculate the remainder when i is divided by c.
7
What is the remainder when (988/78)/((-2)/(6/(-1))) is divided by 16?
6
Let c = -21 - -49. Let v(j) = 12*j + 37. Let w be v(-16). Let y = 264 + w. What is the remainder when y is divided by c?
25
Suppose -12941 = 24*w - 28*w - u, -2*w + 5*u = -6487. What is the remainder when w is divided by 4?
0
Calculate the remainder when 971 is divided by (-4)/(-14)*26/(312/20244).
7
Suppose -444 = -0*c - 2*c. Let f = c - 219. Let s = -53 - -95. What is the remainder when s is divided by f?
0
Let w = -26 + 28. Suppose 3*s - 273 = -f, -f - 273 = -w*f - 5*s. Calculate the remainder when f is divided by 46.
43
Calculate the remainder when (-9 + 5)/(5/(-780)) is divided by 209.
206
Suppose 4*v + 48 + 510 = 5*f, -4*v - 8 = 0. Calculate the remainder when 334 is divided by f.
4
Let i(p) = -p + 15. Let a be i(13). Suppose a*s + 0*s - 86 = 0. Let f = 107 - s. Calculate the remainder when f is divided by 22.
20
Let w = 63 + -34. Suppose -4*y - c + 3 - 19 = 0, 0 = 3*y + 4*c + 25. Let n = 13 + y. What is the remainder when w is divided by n?
9
Let w = -12 - -19. Suppose -2*i - 33 = -2*l + 3*i, 2*i - 39 = -l. Calculate the remainder when l is divided by w.
1
Let l = 267 - 199. Let j(f) = -4*f - 19. Calculate the remainder when l is divided by j(-8).
3
Let x(u) = u**2 - 2*u + 3. Suppose 7*k + 2 = 37. Suppose -i = -4*w - 41, k*w + 0*w - 38 = -3*i. Calculate the remainder when i is divided by x(3).
3
Suppose -5*t - 925 = -2*u, 5*u - 3*t + 501 = 6*u. What is the remainder when u is divided by 680/7 + 12/(-84)?
92
Suppose -2*t = -3*h - 11, -5*t - 3*h - 41 = -100. Let f be ((-3)/15*0)/1. Suppose f = -2*y - 7*y + 54. What is the remainder when t is divided by y?
4
Let f(y) = y**3 - 9*y**2 - 9*y + 15. Let g(l) = 2*l**3 - 5*l**2 - 8*l + 13. Let t be g(6). Let z = -137 + t. Calculate the remainder when z is divided by f(10).
5
Let t(x) = 852*x - 725. Calculate the remainder when t(2) is divided by 140.
139
Calculate the remainder when (-47850)/(-18) - ((-51)/(-18) - 2)*-2 is divided by 242.
240
Let s = 380 + -5. Let z = -354 + s. Calculate the remainder when z is divided by 7.
0
Let d(m) = -10*m**3 - 16*m**2 + 26*m + 92. What is the remainder when d(-6) is divided by 12?
8
Let q = -1446 + 1939. What is the remainder when q is divided by 19?
18
Suppose 31*s - 4857 = 28*s. Calculate the remainder when s is divided by 60.
59
Let s(o) = -27*o + 236. Calculate the remainder when 842 is divided by s(7).
43
Let p(f) = 7*f**3 - f**2 + 19*f - 13. Let b be p(4). Suppose 1403 + b = 13*q. Calculate the remainder when q is divided by 14.
6
Suppose 4*i = 20, 3*q + q - 21 = -5*i. What is the remainder when 700/(-1 - -6) - (1 - q) is divided by 14?
12
Let t = 2985 - 2978. What is the remainder when 662 is divided by t?
4
Suppose 0 = -5*h - 3*f + 301, h - f = 2*h - 59. Let v = h + -59. Suppose -v*p + y = -69, 3*y + 6 - 15 = 0. Calculate the remainder when 45 is divided by p.
21
Suppose 21*q - 10*q - 99 = 0. Calculate the remainder when 374 is divided by -108*(-6)/(-4)*(-3)/q.
50
Let t = -274 + 277. Suppose 4*b - t*v - 283 = 223, -5*b - 4*v + 617 = 0. Calculate the remainder when b is divided by 26.
21
Let l be 9/(-15) - 132/(-20). Suppose 2*s = q - 20, -2*s - 5 = -1. Calculate the remainder when ((-2)/(-2 + l))/(6/(-948)) is divided by q.
15
Let y = -17667 - -21562. Calculate the remainder when y is divided by 50.
45
Let v = 147 + -101. Calculate the remainder when v is divided by ((891/110 + -8)*6)/(3/60).
10
Suppose 50*c - 42*c - 536 = 0. What is the remainder when 266 is divided by c?
65
Suppose 2*z - 8 = -0. Let c be z - (6 - 4)*-2. Suppose 0 = -2*t + 42 + c. Calculate the remainder when 97 is divided by t.
22
Let r be (4 - 1 - 40) + 2. Let m be (4/10)/(((-7)/r)/1). Suppose 0 = -3*p - m*h - 2*h + 38, -2*h = 2. Calculate the remainder when 81 is divided by p.
11
Suppose 16*d - 4845 = -3*d. Suppose 13*x - 1412 = -d. Calculate the remainder when x is divided by 53.
36
Let u(f) = 32*f**2 + 104*f + 17. Calculate the remainder when 892 is divided by u(-4).
101
Let l(a) = 193*a**3 - 2*a**2 + 9*a - 8. Let o be l(1). Suppose 3*y + 8*b = 13*b + o, -109 = -2*y - 3*b. Calculate the remainder when y is divided by 26.
7
Let r(y) = -y**3 - 21*y**2 - 24*y - 18. Let t be r(-20). Let w be 4/(-10) + t/5. Let m(l) = l**2 - 5*l + 17. What is the remainder when m(w) is divided by 26?
23
Let q = 11600 - 11447. What is the remainder when 1132 is divided by q?
61
Let n = 3417 + -579. Calculate the remainder when n is divided by 9.
3
Let l(k) = -17*k - 3. Suppose -432*y + 8033 = -403*y. Calculate the remainder when y is divided by l(-2).
29
Suppose 3*x - 31 = -130. What is the remainder when (1 + x - 0)/((-11)/209) is divided by 13?
10
Suppose j + 1 = 0, 6*j - j - 19 = 4*x. Let z(v) = -9*v - 13. Let w be z(x). Let m = w - 28. What is the remainder when m is divided by 6?
1
Let q = 198 - 195. Calculate the remainder when (-1276)/(-66) + (-1)/q is divided by 1.
0
Let b(g) = -g**2 - 3*g + 9. Let j be b(-4). Let n(i) = -i - 16. Let l be n(j). Let u = 30 + l. Calculate the remainder when u is divided by 7.
2
Suppose 173*m + 14580 = 182*m. What is the remainder when m is divided by 207?
171
Suppose 0*h + 12 = -4*h. Let i = 172 - 212. Let c = h - i. Calculate the remainder when c is divided by 10.
7
Let d(s) = 29*s**2 + 632*s - 58. Calculate the remainder when 623 is divided by d(-22).
31
Let d(j) = -29*j + 95. Let f be d(6). What is the remainder when 54/(-9) - (f + -4) is divided by 20?
17
Let o = 578 + 1471. Calculate the remainder when o is divided by 108.
105
Suppose 2*c - 85 = 3*r, 48*r = 47*r + 9. Calculate the remainder when 3582 is divided by c.
54
Let b(z) = 12*z + 276. Suppose -24*r + 9*r = 285. Calculate the remainder when 287 is divided by b(r).
47
Let l(y) = 2*y**2 - 2*y - 31. Let o(f) = -4*f**2 + 6*f + 62. Let s(r) = 7*l(r) + 4*o(r). Calculate the remainder when 37 is divided by s(7).
1
Suppose -3*z + 12*z = 1350. Let r = -123 + z. What is the remainder when r is divided by 18?
9
Let p be -6*7*((-5776)/6)/8. Suppose -20*y - p = -58*y. What is the remainder when y is divided by 31?
9
Suppose 196 = -0*m + 5*m + c, 4*c = -16. Calculate the remainder when (-1 - 3)*(2/(-5) + 15770/(-200)) is divided by m.
37
Suppose d + 24*f - 9 = 25*f, -65 = -5*d + f. Let t = 21 + -11. What is the remainder when d is divided by t?
4
Let t(c) = -c**3 - 60*c**2 + 42*c - 1029. Calculate the remainder when 1405 is divided by t(-61).
105
Suppose 3 - 5 = -m. Suppose -m*p - 22 = -4*a, 0*a - 2*a - 5*p + 29 = 0. Suppose -1731*k = -19063 - 13826. What is the remainder when k is divided by a?
5
Suppose -17*g = -106*g - 102*g + 973718. What is the remainder when g is divided by 75?
73
Suppose 21*g - 37*g - 3340 = -21*g. Calculate the remainder when g is divided by 11.
8
Let i = -74 + 84. Suppose 540 = f - i*f. Let c = 71 + f. Calculate the remainder when 38 is divided by c.
5
Let a(u) = u**2 + 118*u - 1581. What is the remainder when 254 is divided by a(-131)?
10
Let f = -51 + 63. Let j be ((-9)/(-5))/((-9)/(-30)). Let q = f - j. What is the remainder when 16 is divided by q?
4
Let k(u) = u**3 + 6*u**2 - 3. Let p be k(-6). Let s = p + 31. What is the remainder when s is divided by (-5)/(-4) + (-56)/224 - -1?
0
Suppose -6 = -d - 4*r + 15, 5*d + 2*r - 33 = 0. Suppose -3*y + 415 = d*w - w, 272 = 2*y + 5*w. What is the remainder when y is divided by 37?
30
Let t(g) = 6*g - 177 + 0*g + 204. Let i be t(-11). Let z = i - -71. What is the remainder when z is divided by 5?
2
Let o be (-3 - 344)/(-1) + 1. Suppose -978 = -10*z - o. Calculate the remainder when z is divided by 16.
15
Let g = 119 - 115. Let m(y) = -28*y + 146. What is the remainder when m(g) is divided by 24?
10
Suppose 0*z + 5*z + 18 = 2*m, -3*m + 2*z + 16 = 0. Suppose 43 